{"id":113,"date":"2017-07-13T05:20:38","date_gmt":"2017-07-13T05:20:38","guid":{"rendered":"http:\/\/victorthemes.com\/themes\/livesay\/?page_id=113"},"modified":"2019-12-24T08:45:04","modified_gmt":"2019-12-24T07:45:04","slug":"home-one","status":"publish","type":"page","link":"https:\/\/www.forfin.pl\/2020\/","title":{"rendered":"Forum Finans\u00f3w i Inwestycji"},"content":{"rendered":"<div class=\"wpb-content-wrapper\"><p>[vc_row full_width=&#8221;stretch_row_content_no_spaces&#8221; overlay_dotted=&#8221;&#8221; css=&#8221;.vc_custom_1576506309698{padding-top: 0px !important;padding-bottom: 0px !important;}&#8221;][vc_column css=&#8221;.vc_custom_1500991753349{padding-top: 0px !important;padding-bottom: 0px !important;}&#8221;]<div class=\"lvsy-conference   conference-69ea5b2bb0ca3\" data-id=\"2085\"><div class=\"container\"><div class=\"lvsy-container\"><div class=\"conference-title-wrap\"><h2 class=\"conference-title\">Forum Finans\u00f3w i Inwestycji<\/h2><\/div><p>Najwi\u0119ksza warszawska impreza finansowo-inwestycyjna. Wydarzenie przyci\u0105ga ekspert\u00f3w i\u00a0przedstawicieli najwa\u017cniejszych firm z bran\u017cy finans\u00f3w, nieruchomo\u015bci, blockchain, crowfunding.<\/p><div class=\"conference-location\"><span class=\"date-start dtstart\">10 stycznia<span class=\"value-title\" title=\"2020-01-10CET11:00\"><\/span><\/span> - <span class=\"date-end dtend\">11, 2020<span class=\"value-title\" title=\"2020-01-11CET05:00\"><\/span><\/span> in Stadion Narodowy<\/div><div class=\"lvsy-count-2085 lvsy-countdown\" data-date=\"01\/ 10\/ 2020 11:00\" data-id=\"2085\" data-years=\"Years\" data-months=\"Miesi\u0119cy\" data-weeks=\"Tygodni\" data-days=\"Dni\" data-hours=\"Godzin\" data-minutes=\"Minut\" data-seconds=\"Sekund\" data-year=\"Year\" data-month=\"Miesi\u0105c\" data-week=\"Tydzie\u0144\" data-day=\"Dzie\u0144\" data-hour=\"Godzina\" data-minute=\"Minuta\" data-second=\"Sekunda\" data-format=\"\"><\/div><div class=\"clearfix\"><a href=\"https:\/\/www.forfin.pl\/2020\/rejestracja\/\" class=\"lvsy-btn\" >ZAREJESTRUJ SI\u0118 ZA DARMO<\/a><\/div><\/div><\/div><\/div>[vc_row_inner css=&#8221;.vc_custom_1576505157206{background-color: #222222 !important;}&#8221;][vc_column_inner][vc_column_text]<\/p>\n<h1 style=\"text-align: center;\"><span style=\"color: #ffffff;\">Wybrani wyk\u0142adowcy<\/span><\/h1>\n<p>[\/vc_column_text]\n  <div class=\"lvsy-speakers  lvsy-speaker-69ea5b2bb1a58 speakers-style-two \"> <!-- speaker Starts -->\n    <div class=\"row\">\n\n              <div class=\"col-md-3 col-sm-6\">\n          <div class=\"speaker-item\">\n            <div class=\"speaker-picture\"><img decoding=\"async\" src=\"https:\/\/www.forfin.pl\/2020\/wp-content\/uploads\/sites\/2\/2019\/12\/grzegorz-zalewski.jpg\" alt=\"Grzegorz Zalewski\"><\/div>\n            <div class=\"speaker-info\">\n              <div class=\"lvsy-table-container\">\n                <div class=\"lvsy-align-container\">\n                  <div class=\"speaker-name\"><a href=\"https:\/\/www.forfin.pl\/2020\/speaker\/grzegorz-zalewski\/\" class=\"speaker-name\">Grzegorz Zalewski<\/a><\/div>\n                                    <div class=\"lvsy-social\">\n                                          <a href=\"https:\/\/pl.linkedin.com\/in\/grzegorz-zalewski-9b921939\"><i class=\"fa fa-linkedin\" aria-hidden=\"true\"><\/i><\/a>\n                                      <\/div>\n                                <\/div>\n              <\/div>\n            <\/div>\n          <\/div>\n        <\/div>\n      \n              <div class=\"col-md-3 col-sm-6\">\n          <div class=\"speaker-item\">\n            <div class=\"speaker-picture\"><img decoding=\"async\" src=\"https:\/\/www.forfin.pl\/2020\/wp-content\/uploads\/sites\/2\/2019\/12\/konrad-lapinski.jpg\" alt=\"Konrad \u0141api\u0144ski\"><\/div>\n            <div class=\"speaker-info\">\n              <div class=\"lvsy-table-container\">\n                <div class=\"lvsy-align-container\">\n                  <div class=\"speaker-name\"><a href=\"https:\/\/www.forfin.pl\/2020\/speaker\/konrad-lapinski\/\" class=\"speaker-name\">Konrad \u0141api\u0144ski<\/a><\/div>\n                                    <div class=\"lvsy-social\">\n                                      <\/div>\n                                <\/div>\n              <\/div>\n            <\/div>\n          <\/div>\n        <\/div>\n      \n              <div class=\"col-md-3 col-sm-6\">\n          <div class=\"speaker-item\">\n            <div class=\"speaker-picture\"><img decoding=\"async\" src=\"https:\/\/www.forfin.pl\/2020\/wp-content\/uploads\/sites\/2\/2019\/12\/dorota_sierakowska.jpg\" alt=\"Dorota Sierakowska\"><\/div>\n            <div class=\"speaker-info\">\n              <div class=\"lvsy-table-container\">\n                <div class=\"lvsy-align-container\">\n                  <div class=\"speaker-name\"><a href=\"https:\/\/www.forfin.pl\/2020\/speaker\/dorota-sierakowska\/\" class=\"speaker-name\">Dorota Sierakowska<\/a><\/div>\n                                    <div class=\"lvsy-social\">\n                                      <\/div>\n                                <\/div>\n              <\/div>\n            <\/div>\n          <\/div>\n        <\/div>\n      \n              <div class=\"col-md-3 col-sm-6\">\n          <div class=\"speaker-item\">\n            <div class=\"speaker-picture\"><img decoding=\"async\" src=\"https:\/\/www.forfin.pl\/2020\/wp-content\/uploads\/sites\/2\/2019\/12\/przemyslaw-gerschmann.jpg\" alt=\"Przemys\u0142aw Gerschmann\"><\/div>\n            <div class=\"speaker-info\">\n              <div class=\"lvsy-table-container\">\n                <div class=\"lvsy-align-container\">\n                  <div class=\"speaker-name\"><a href=\"https:\/\/www.forfin.pl\/2020\/speaker\/przemyslaw-gerschmann\/\" class=\"speaker-name\">Przemys\u0142aw Gerschmann<\/a><\/div>\n                                    <div class=\"lvsy-social\">\n                                      <\/div>\n                                <\/div>\n              <\/div>\n            <\/div>\n          <\/div>\n        <\/div>\n      \n              <div class=\"col-md-3 col-sm-6\">\n          <div class=\"speaker-item\">\n            <div class=\"speaker-picture\"><img decoding=\"async\" src=\"https:\/\/www.forfin.pl\/2020\/wp-content\/uploads\/sites\/2\/2019\/12\/sobieslaw-kozlowski.jpg\" alt=\"Sobies\u0142aw Koz\u0142owski\"><\/div>\n            <div class=\"speaker-info\">\n              <div class=\"lvsy-table-container\">\n                <div class=\"lvsy-align-container\">\n                  <div class=\"speaker-name\"><a href=\"https:\/\/www.forfin.pl\/2020\/speaker\/sobieslaw-kozlowski\/\" class=\"speaker-name\">Sobies\u0142aw Koz\u0142owski<\/a><\/div>\n                                    <div class=\"lvsy-social\">\n                                          <a href=\"https:\/\/twitter.com\/SobieslawKozlo1\"><i class=\"fa fa-twitter\" aria-hidden=\"true\"><\/i><\/a>\n                                      <\/div>\n                                <\/div>\n              <\/div>\n            <\/div>\n          <\/div>\n        <\/div>\n      \n              <div class=\"col-md-3 col-sm-6\">\n          <div class=\"speaker-item\">\n            <div class=\"speaker-picture\"><img decoding=\"async\" src=\"https:\/\/www.forfin.pl\/2020\/wp-content\/uploads\/sites\/2\/2019\/12\/marek-rogalski.jpg\" alt=\"Marek Rogalski\"><\/div>\n            <div class=\"speaker-info\">\n              <div class=\"lvsy-table-container\">\n                <div class=\"lvsy-align-container\">\n                  <div class=\"speaker-name\"><a href=\"https:\/\/www.forfin.pl\/2020\/speaker\/marek-rogalski\/\" class=\"speaker-name\">Marek Rogalski<\/a><\/div>\n                                    <div class=\"lvsy-social\">\n                                          <a href=\"https:\/\/twitter.com\/RogalskiMarek\"><i class=\"fa fa-twitter\" aria-hidden=\"true\"><\/i><\/a>\n                                      <\/div>\n                                <\/div>\n              <\/div>\n            <\/div>\n          <\/div>\n        <\/div>\n      \n              <div class=\"col-md-3 col-sm-6\">\n          <div class=\"speaker-item\">\n            <div class=\"speaker-picture\"><img decoding=\"async\" src=\"https:\/\/www.forfin.pl\/2020\/wp-content\/uploads\/sites\/2\/2019\/10\/marcin-iwuc-temporary-500.jpg\" alt=\"Marcin Iwu\u0107\"><\/div>\n            <div class=\"speaker-info\">\n              <div class=\"lvsy-table-container\">\n                <div class=\"lvsy-align-container\">\n                  <div class=\"speaker-name\"><a href=\"https:\/\/www.forfin.pl\/2020\/speaker\/marcin-iwuc\/\" class=\"speaker-name\">Marcin Iwu\u0107<\/a><\/div>\n                                    <div class=\"lvsy-social\">\n                                          <a href=\"https:\/\/www.facebook.com\/finansebardzoosobiste\/\"><i class=\"fa fa-facebook-square\" aria-hidden=\"true\"><\/i><\/a>\n                                          <a href=\"https:\/\/twitter.com\/marcin_iwuc\"><i class=\"fa fa-twitter\" aria-hidden=\"true\"><\/i><\/a>\n                                          <a href=\"https:\/\/www.linkedin.com\/in\/iwucmarcin\/\"><i class=\"fa fa-linkedin\" aria-hidden=\"true\"><\/i><\/a>\n                                          <a href=\"https:\/\/www.youtube.com\/c\/marciniwucFBO\"><i class=\"fa fa-youtube-play\" aria-hidden=\"true\"><\/i><\/a>\n                                      <\/div>\n                                <\/div>\n              <\/div>\n            <\/div>\n          <\/div>\n        <\/div>\n      \n              <div class=\"col-md-3 col-sm-6\">\n          <div class=\"speaker-item\">\n            <div class=\"speaker-picture\"><img decoding=\"async\" src=\"https:\/\/www.forfin.pl\/2020\/wp-content\/uploads\/sites\/2\/2019\/10\/stanilewicz_500.jpg\" alt=\"Robert Stanilewicz\"><\/div>\n            <div class=\"speaker-info\">\n              <div class=\"lvsy-table-container\">\n                <div class=\"lvsy-align-container\">\n                  <div class=\"speaker-name\"><a href=\"https:\/\/www.forfin.pl\/2020\/speaker\/robert-stanilewicz\/\" class=\"speaker-name\">Robert Stanilewicz<\/a><\/div>\n                                    <div class=\"lvsy-social\">\n                                          <a href=\"https:\/\/twitter.com\/rstanilewicz\"><i class=\"fa fa-twitter\" aria-hidden=\"true\"><\/i><\/a>\n                                      <\/div>\n                                <\/div>\n              <\/div>\n            <\/div>\n          <\/div>\n        <\/div>\n      \n              <div class=\"col-md-3 col-sm-6\">\n          <div class=\"speaker-item\">\n            <div class=\"speaker-picture\"><img decoding=\"async\" src=\"https:\/\/www.forfin.pl\/2020\/wp-content\/uploads\/sites\/2\/2019\/10\/marcin_krason_500_1.jpg\" alt=\"Marcin Kraso\u0144\"><\/div>\n            <div class=\"speaker-info\">\n              <div class=\"lvsy-table-container\">\n                <div class=\"lvsy-align-container\">\n                  <div class=\"speaker-name\"><a href=\"https:\/\/www.forfin.pl\/2020\/speaker\/marcin-krason\/\" class=\"speaker-name\">Marcin Kraso\u0144<\/a><\/div>\n                                    <div class=\"lvsy-social\">\n                                      <\/div>\n                                <\/div>\n              <\/div>\n            <\/div>\n          <\/div>\n        <\/div>\n      \n              <div class=\"col-md-3 col-sm-6\">\n          <div class=\"speaker-item\">\n            <div class=\"speaker-picture\"><img decoding=\"async\" src=\"https:\/\/www.forfin.pl\/2020\/wp-content\/uploads\/sites\/2\/2019\/09\/tomasz_jaroszek_500_1.jpg\" alt=\"Tomasz Jaroszek\"><\/div>\n            <div class=\"speaker-info\">\n              <div class=\"lvsy-table-container\">\n                <div class=\"lvsy-align-container\">\n                  <div class=\"speaker-name\"><a href=\"https:\/\/www.forfin.pl\/2020\/speaker\/tomasz-jaroszek\/\" class=\"speaker-name\">Tomasz Jaroszek<\/a><\/div>\n                                    <div class=\"lvsy-social\">\n                                          <a href=\"https:\/\/www.facebook.com\/doradcatv\"><i class=\"fa fa-facebook-square\" aria-hidden=\"true\"><\/i><\/a>\n                                          <a href=\"https:\/\/twitter.com\/TomaszJaroszek\"><i class=\"fa fa-twitter\" aria-hidden=\"true\"><\/i><\/a>\n                                          <a href=\"https:\/\/www.youtube.com\/user\/DoradcaTV\"><i class=\"fa fa-youtube-play\" aria-hidden=\"true\"><\/i><\/a>\n                                      <\/div>\n                                <\/div>\n              <\/div>\n            <\/div>\n          <\/div>\n        <\/div>\n      \n              <div class=\"col-md-3 col-sm-6\">\n          <div class=\"speaker-item\">\n            <div class=\"speaker-picture\"><img decoding=\"async\" src=\"https:\/\/www.forfin.pl\/2020\/wp-content\/uploads\/sites\/2\/2019\/09\/maciej-samcik-500.jpg\" alt=\"Maciej Samcik\"><\/div>\n            <div class=\"speaker-info\">\n              <div class=\"lvsy-table-container\">\n                <div class=\"lvsy-align-container\">\n                  <div class=\"speaker-name\"><a href=\"https:\/\/www.forfin.pl\/2020\/speaker\/maciej-samcik\/\" class=\"speaker-name\">Maciej Samcik<\/a><\/div>\n                                    <div class=\"lvsy-social\">\n                                          <a href=\"https:\/\/www.facebook.com\/samcik.blox\/\"><i class=\"fa fa-facebook-square\" aria-hidden=\"true\"><\/i><\/a>\n                                          <a href=\"https:\/\/twitter.com\/maciejsamcik\"><i class=\"fa fa-twitter\" aria-hidden=\"true\"><\/i><\/a>\n                                          <a href=\"https:\/\/www.linkedin.com\/in\/samcik\/\"><i class=\"fa fa-linkedin\" aria-hidden=\"true\"><\/i><\/a>\n                                      <\/div>\n                                <\/div>\n              <\/div>\n            <\/div>\n          <\/div>\n        <\/div>\n      \n              <div class=\"col-md-3 col-sm-6\">\n          <div class=\"speaker-item\">\n            <div class=\"speaker-picture\"><img decoding=\"async\" src=\"https:\/\/www.forfin.pl\/2020\/wp-content\/uploads\/sites\/2\/2019\/09\/marcin_wenus_500_2.jpg\" alt=\"Rafa\u0142 Zaorski\"><\/div>\n            <div class=\"speaker-info\">\n              <div class=\"lvsy-table-container\">\n                <div class=\"lvsy-align-container\">\n                  <div class=\"speaker-name\"><a href=\"https:\/\/www.forfin.pl\/2020\/speaker\/rafal-zaorski\/\" class=\"speaker-name\">Rafa\u0142 Zaorski<\/a><\/div>\n                                    <div class=\"lvsy-social\">\n                                      <\/div>\n                                <\/div>\n              <\/div>\n            <\/div>\n          <\/div>\n        <\/div>\n      \n      \n    <\/div>\n  <\/div><!-- speaker End -->\n\n[\/vc_column_inner][\/vc_row_inner][\/vc_column][\/vc_row][vc_row full_width=&#8221;stretch_row_content&#8221; overlay_dotted=&#8221;&#8221; css=&#8221;.vc_custom_1568357646730{margin-bottom: 50px !important;padding-top: 0px !important;background-color: #f6c527 !important;}&#8221;][vc_column css=&#8221;.vc_custom_1500437631005{padding-top: 0px !important;}&#8221;]<div class=\"lvsy-join-event \"><div class=\"container\"><div class=\"row\"><div class=\"lvsy-cta-ctnt  event-69ea5b2bb3215\" style=\"width:70%;\"><div class=\"section-title-wrap \"><div class=\"section-title\">Forum to nie tylko targi<\/div><div class=\"section-sub-title\">ale tak\u017ce wyk\u0142ady i panele<\/div><\/div><\/div><div class=\"pull-right  lvsy-btn-69ea5b2bb323f \" ><a href=\"https:\/\/www.forfin.pl\/2020\/program\/\" class=\"lvsy-btn lvsy-btn-black\">ZOBACZ PROGRAM<\/a><\/div><\/div><\/div><\/div>[\/vc_column][\/vc_row][vc_row full_width=&#8221;stretch_row_content_no_spaces&#8221; overlay_dotted=&#8221;&#8221; css=&#8221;.vc_custom_1576507690579{padding-top: 0px !important;padding-right: 65px !important;padding-bottom: 65px !important;padding-left: 65px !important;}&#8221;][vc_column css=&#8221;.vc_custom_1574931540208{margin-top: 0px !important;border-top-width: 0px !important;padding-top: 0px !important;}&#8221;]<div class=\"lvsy-donors \"><div class=\"lvsy-donor-category  lvsy-donor-69ea5b2bb3265\"><div class=\"lvsy-donor-title\"><b>ORGANIZATOR<\/b><\/div><div class=\"lvsy-donor-item\"><a href=\"https:\/\/www.forfin.pl\/2020\/sponsor\/stowarzyszenie-inwestorow-indywidualnych\/\" target=\"_blank\"><img decoding=\"async\" src=\"https:\/\/www.forfin.pl\/2020\/wp-content\/uploads\/sites\/2\/2019\/11\/sii_225.png\" alt=\"Sponso\"><\/a><\/div><\/div><\/div><div class=\"lvsy-donors \"><div class=\"lvsy-donor-category  lvsy-donor-69ea5b2bb332b\"><div class=\"lvsy-donor-title\"><b>PARTNERZY STRATEGICZNI<\/b><\/div><div class=\"lvsy-donor-item\"><a href=\"https:\/\/www.forfin.pl\/2020\/sponsor\/pkn-orlen\/\" target=\"_blank\"><img decoding=\"async\" src=\"https:\/\/www.forfin.pl\/2020\/wp-content\/uploads\/sites\/2\/2019\/12\/orlen_h110.png\" alt=\"Sponso\"><\/a><\/div><div class=\"lvsy-donor-item\"><a href=\"https:\/\/www.forfin.pl\/2020\/sponsor\/dom-maklerski-banku-ochrony-srodowiska\/\" target=\"_blank\"><img decoding=\"async\" src=\"https:\/\/www.forfin.pl\/2020\/wp-content\/uploads\/sites\/2\/2019\/11\/dmbos_240.png\" alt=\"Sponso\"><\/a><\/div><div class=\"lvsy-donor-item\"><a href=\"https:\/\/www.forfin.pl\/2020\/sponsor\/gielda-papierow-wartosciowych-w-warszawie-s-a\/\" target=\"_blank\"><img decoding=\"async\" src=\"https:\/\/www.forfin.pl\/2020\/wp-content\/uploads\/sites\/2\/2019\/11\/gpw_210.png\" alt=\"Sponso\"><\/a><\/div><\/div><\/div><div class=\"lvsy-donors \"><div class=\"lvsy-donor-category  lvsy-donor-69ea5b2bb34b6\"><div class=\"lvsy-donor-title\"><b>PARTNERZY G\u0141\u00d3WNI<\/b><\/div><div class=\"lvsy-donor-item\"><a href=\"https:\/\/www.forfin.pl\/2020\/sponsor\/beesfund\/\" target=\"_blank\"><img decoding=\"async\" src=\"https:\/\/www.forfin.pl\/2020\/wp-content\/uploads\/sites\/2\/2019\/11\/beesfund_217.png\" alt=\"Sponso\"><\/a><\/div><div class=\"lvsy-donor-item\"><a href=\"https:\/\/www.forfin.pl\/2020\/sponsor\/bm-pko-bp\/\" target=\"_blank\"><img decoding=\"async\" src=\"https:\/\/www.forfin.pl\/2020\/wp-content\/uploads\/sites\/2\/2019\/12\/bmw_pko_h55.png\" alt=\"Sponso\"><\/a><\/div><\/div><\/div>[vc_column_text][\/vc_column_text][vc_column_text]<\/p>\n<h2 style=\"text-align: center;\">Forum Finans\u00f3w i Inwestycji odb\u0119dzie si\u0119 na PGE Narodowym w Warszawie. Wej\u015bcie bram\u0105 5<\/h2>\n<p>[\/vc_column_text]<div id=\"map-69ea5b2bb3571\" class=\"lvsy-map  lvsy-gmap-69ea5b2bb3571\"><\/div>    <script type=\"text\/javascript\">\n    \/\/ Custom Map Script\n    jQuery(document).ready(function($) {\n      $(\"#map-69ea5b2bb3571\").googleMap({\n        zoom: 13,\n        type: \"ROADMAP\",\n        styles: [{\"featureType\":\"landscape.man_made\",\"elementType\":\"geometry\",\"stylers\":[{\"color\":\"#f7f1df\"}]},{\"featureType\":\"landscape.natural\",\"elementType\":\"geometry\",\"stylers\":[{\"color\":\"#d0e3b4\"}]},{\"featureType\":\"landscape.natural.terrain\",\"elementType\":\"geometry\",\"stylers\":[{\"visibility\":\"off\"}]},{\"featureType\":\"poi\",\"elementType\":\"labels\",\"stylers\":[{\"visibility\":\"off\"}]},{\"featureType\":\"poi.business\",\"elementType\":\"all\",\"stylers\":[{\"visibility\":\"off\"}]},{\"featureType\":\"poi.medical\",\"elementType\":\"geometry\",\"stylers\":[{\"color\":\"#fbd3da\"}]},{\"featureType\":\"poi.park\",\"elementType\":\"geometry\",\"stylers\":[{\"color\":\"#bde6ab\"}]},{\"featureType\":\"road\",\"elementType\":\"geometry.stroke\",\"stylers\":[{\"visibility\":\"off\"}]},{\"featureType\":\"road\",\"elementType\":\"labels\",\"stylers\":[{\"visibility\":\"off\"}]},{\"featureType\":\"road.highway\",\"elementType\":\"geometry.fill\",\"stylers\":[{\"color\":\"#ffe15f\"}]},{\"featureType\":\"road.highway\",\"elementType\":\"geometry.stroke\",\"stylers\":[{\"color\":\"#efd151\"}]},{\"featureType\":\"road.arterial\",\"elementType\":\"geometry.fill\",\"stylers\":[{\"color\":\"#ffffff\"}]},{\"featureType\":\"road.local\",\"elementType\":\"geometry.fill\",\"stylers\":[{\"color\":\"black\"}]},{\"featureType\":\"transit.station.airport\",\"elementType\":\"geometry.fill\",\"stylers\":[{\"color\":\"#cfb2db\"}]},{\"featureType\":\"water\",\"elementType\":\"geometry\",\"stylers\":[{\"color\":\"#a2daf2\"}]}],\n        streetViewControl: false,\n        scrollwheel: false,\n        mapTypeControl: false,\n                    coords: [52.239364, 21.045792],\n                  });\n            $(\"#map-69ea5b2bb3571\").addMarker({\n        coords: [52.239364, 21.045792],\n        icon: 'https:\/\/www.forfin.pl\/2020\/wp-content\/plugins\/livesay-core\/assets\/images\/map-marker.png',\n                      });\n          });\n    <\/script>\n[\/vc_column][vc_column][\/vc_column][vc_column][\/vc_column][vc_column][\/vc_column][\/vc_row]<\/p>\n<\/div>","protected":false},"excerpt":{"rendered":"[vc_row full_width=&#8221;stretch_row_content_no_spaces&#8221; overlay_dotted=&#8221;&#8221; css=&#8221;.vc_custom_1576506309698{padding-top: 0px !important;padding-bottom: 0px !important;}&#8221;][vc_column css=&#8221;.vc_custom_1500991753349{padding-top: 0px !important;padding-bottom: 0px !important;}&#8221;][vc_row_inner css=&#8221;.vc_custom_1576505157206{background-color: #222222 !important;}&#8221;][vc_column_inner][vc_column_text] Wybrani wyk\u0142adowcy [\/vc_column_text][\/vc_column_inner][\/vc_row_inner][\/vc_column][\/vc_row][vc_row full_width=&#8221;stretch_row_content&#8221; overlay_dotted=&#8221;&#8221; css=&#8221;.vc_custom_1568357646730{margin-bottom: 50px !important;padding-top: 0px !important;background-color: #f6c527 !important;}&#8221;][vc_column css=&#8221;.vc_custom_1500437631005{padding-top: 0px [&#8230;]","protected":false},"author":1,"featured_media":0,"parent":0,"menu_order":0,"comment_status":"closed","ping_status":"closed","template":"","meta":{"footnotes":""},"class_list":["post-113","page","type-page","status-publish","hentry"],"_links":{"self":[{"href":"https:\/\/www.forfin.pl\/2020\/wp-json\/wp\/v2\/pages\/113","targetHints":{"allow":["GET"]}}],"collection":[{"href":"https:\/\/www.forfin.pl\/2020\/wp-json\/wp\/v2\/pages"}],"about":[{"href":"https:\/\/www.forfin.pl\/2020\/wp-json\/wp\/v2\/types\/page"}],"author":[{"embeddable":true,"href":"https:\/\/www.forfin.pl\/2020\/wp-json\/wp\/v2\/users\/1"}],"replies":[{"embeddable":true,"href":"https:\/\/www.forfin.pl\/2020\/wp-json\/wp\/v2\/comments?post=113"}],"version-history":[{"count":58,"href":"https:\/\/www.forfin.pl\/2020\/wp-json\/wp\/v2\/pages\/113\/revisions"}],"predecessor-version":[{"id":5181,"href":"https:\/\/www.forfin.pl\/2020\/wp-json\/wp\/v2\/pages\/113\/revisions\/5181"}],"wp:attachment":[{"href":"https:\/\/www.forfin.pl\/2020\/wp-json\/wp\/v2\/media?parent=113"}],"curies":[{"name":"wp","href":"https:\/\/api.w.org\/{rel}","templated":true}]}}